{"id":91,"date":"2022-06-17T14:29:54","date_gmt":"2022-06-17T12:29:54","guid":{"rendered":"https:\/\/accademiacostumeemoda.it\/talents2022\/?page_id=91"},"modified":"2022-07-07T15:29:06","modified_gmt":"2022-07-07T13:29:06","slug":"il-talento-di-imparare","status":"publish","type":"page","link":"https:\/\/accademiacostumeemoda.it\/talents2022\/il-talento-di-imparare\/","title":{"rendered":"IL TALENTO DI IMPARARE"},"content":{"rendered":"\n<p class=\"wp-block-paragraph\"><a href=\"https:\/\/accademiacostumeemoda.it\/talents2022\/the-talent-of-learning\/\"><strong>ENGLISH VERSION<\/strong><\/a><\/p>\n\n\n\n<p class=\"wp-block-paragraph\">In apertura di questo Book, dedicato ai Talenti e all\u2019eccellente formazione che Accademia Costume &amp; Moda garantisce ai suoi studenti, tengo particolarmente a ricordare il mio primo incontro con la famiglia Accademia. Mi piace chiamarla cos\u00ec, non solo perch\u00e9 \u00e8 una grande, meravigliosa famiglia per tutto il suo team, studenti e partner, ma io stessa mi sento parte di questa famiglia dal mio primo incontro con Accademia e la sua fondatrice, Rosana Pistolese. &nbsp;<\/p>\n\n\n\n<p class=\"wp-block-paragraph\">Ho varcato le porte della suggestiva sede di Accademia a Roma per la prima volta negli anni \u201970, quando ebbi il piacere di conoscere Rosana, una donna carismatica, incredibilmente capace e determinata. Sono stata da subito coinvolta nel mondo di ACM attraverso lezioni, incontri con gli studenti e collaborazioni, per poi entrare a fare parte della Giuria Talent.<\/p>\n\n\n\n<p class=\"wp-block-paragraph\">E\u2019 sempre stato un grande regalo e un reciproco scambio confrontarmi e lavorare con giovani creativi. Sono sempre stata affascinata dal tipo di formazione che Accademia offre ai suoi studenti: lo definirei il metodo Accademia. Da qui la mia attuale percezione del talento: un talento mai fine a se stesso, ma perennemente forgiato, nutrito, accompagnato dal costante impegno, ricerca, lavoro e dall\u2019infinita curiosit\u00e0.<\/p>\n\n\n\n<p class=\"wp-block-paragraph\">Sono convinta che il talento stia nella capacit\u00e0 di imparare, nella modestia di riconoscere che una dote naturale ed innata non sopravvive, se non accompagnata da forte dedizione e applicazione.<\/p>\n\n\n\n<p class=\"wp-block-paragraph\">Il mio mestiere \u00e8 sempre stato quello di accompagnare i creativi del processo di realizzazione delle loro collezioni, trovando le migliori soluzioni tecniche e sperimentali. La mia azienda \u00e8 diventata cos\u00ec, negli anni, una vera e propria officina creativa, dove i designer imparavano ogni volta un metodo, un espediente diverso per arrivare insieme al risultato finale. Un percorso di continuo apprendimento e scoperta per giovani talenti.&nbsp;<\/p>\n\n\n\n<p class=\"wp-block-paragraph\">Un talento diventa tale, cresce e si evolve anche grazie al fondamentale appoggio di chi lo accompagna nel suo percorso, dal momento della formazione al luogo lavorativo. Il talento si sviluppa e accresce le sue potenzialit\u00e0 anche grazie all\u2019ambiente in cui \u00e8 inserito e dalle persone da cui \u00e8 circondato.<\/p>\n\n\n\n<p class=\"wp-block-paragraph\">Accademia Costume &amp; Moda permette tutto questo grazie ad una magica combinazione tra passione, competenza, impegno e heritage. La visione che da sempre contraddistingue Accademia permette ai suoi Talenti di sviluppare ed incrementare le proprie capacit\u00e0, all\u2019interno di un contesto unico e stimolante.<\/p>\n\n\n\n<p class=\"wp-block-paragraph\">\u201cEsiste un\u00a0momento\u00a0in cui il\u00a0talento\u00a0incontra l&#8217;opportunit\u00e0.\u201d &#8211; Lucio Anneo Seneca.<\/p>\n\n\n\n<p class=\"wp-block-paragraph\">L\u2019opportunit\u00e0 per questi giovani talenti protagonisti di questo Book sono certa sia stata l\u2019incontro con la famiglia Accademia, i loro tutor, il team, le aziende partner e tutti gli \u201cincontri\u201d speciali e un po\u2019 magici che accadono grazie ad Accademia. Una storia di incontri, come il mio negli anni 70, che racconta di appassionati ed ambiziosi Talenti.<\/p>\n\n\n\n<p class=\"has-text-align-right wp-block-paragraph\"><strong>Deanna Ferretti Veroni<\/strong><\/p>\n","protected":false},"excerpt":{"rendered":"<p>ENGLISH VERSION In apertura di questo Book, dedicato ai Talenti e all\u2019eccellente formazione che Accademia Costume &amp; Moda garantisce ai suoi studenti, tengo particolarmente a ricordare il mio primo incontro con la famiglia Accademia. Mi piace chiamarla cos\u00ec, non solo perch\u00e9 \u00e8 una grande, meravigliosa famiglia per tutto il suo team, studenti e partner, ma [&hellip;]<\/p>\n","protected":false},"author":1,"featured_media":0,"parent":0,"menu_order":0,"comment_status":"closed","ping_status":"closed","template":"","meta":{"footnotes":""},"class_list":["post-91","page","type-page","status-publish","hentry"],"acf":[],"yoast_head":"<!-- This site is optimized with the Yoast SEO plugin v28.3 - https:\/\/yoast.com\/product\/yoast-seo-wordpress\/ -->\n<title>IL TALENTO DI IMPARARE - ACM - Talents 2022<\/title>\n<meta name=\"robots\" content=\"index, follow, max-snippet:-1, max-image-preview:large, max-video-preview:-1\" \/>\n<link rel=\"canonical\" href=\"https:\/\/accademiacostumeemoda.it\/talents2022\/il-talento-di-imparare\/\" \/>\n<meta property=\"og:locale\" content=\"it_IT\" \/>\n<meta property=\"og:type\" content=\"article\" \/>\n<meta property=\"og:title\" content=\"IL TALENTO DI IMPARARE - ACM - Talents 2022\" \/>\n<meta property=\"og:description\" content=\"ENGLISH VERSION In apertura di questo Book, dedicato ai Talenti e all\u2019eccellente formazione che Accademia Costume &amp; Moda garantisce ai suoi studenti, tengo particolarmente a ricordare il mio primo incontro con la famiglia Accademia. Mi piace chiamarla cos\u00ec, non solo perch\u00e9 \u00e8 una grande, meravigliosa famiglia per tutto il suo team, studenti e partner, ma [&hellip;]\" \/>\n<meta property=\"og:url\" content=\"https:\/\/accademiacostumeemoda.it\/talents2022\/il-talento-di-imparare\/\" \/>\n<meta property=\"og:site_name\" content=\"ACM - Talents 2022\" \/>\n<meta property=\"article:modified_time\" content=\"2022-07-07T13:29:06+00:00\" \/>\n<meta property=\"og:image\" content=\"https:\/\/accademiacostumeemoda.it\/talents2022\/wp-content\/uploads\/2022\/07\/sharing_sito-scaled.jpg\" \/>\n\t<meta property=\"og:image:width\" content=\"2560\" \/>\n\t<meta property=\"og:image:height\" content=\"2560\" \/>\n\t<meta property=\"og:image:type\" content=\"image\/jpeg\" \/>\n<meta name=\"twitter:card\" content=\"summary_large_image\" \/>\n<meta name=\"twitter:label1\" content=\"Tempo di lettura stimato\" \/>\n\t<meta name=\"twitter:data1\" content=\"3 minuti\" \/>\n<script type=\"application\/ld+json\" class=\"yoast-schema-graph\">{\"@context\":\"https:\\\/\\\/schema.org\",\"@graph\":[{\"@type\":\"WebPage\",\"@id\":\"https:\\\/\\\/accademiacostumeemoda.it\\\/talents2022\\\/il-talento-di-imparare\\\/\",\"url\":\"https:\\\/\\\/accademiacostumeemoda.it\\\/talents2022\\\/il-talento-di-imparare\\\/\",\"name\":\"IL TALENTO DI IMPARARE - ACM - Talents 2022\",\"isPartOf\":{\"@id\":\"https:\\\/\\\/accademiacostumeemoda.it\\\/talents2022\\\/#website\"},\"datePublished\":\"2022-06-17T12:29:54+00:00\",\"dateModified\":\"2022-07-07T13:29:06+00:00\",\"breadcrumb\":{\"@id\":\"https:\\\/\\\/accademiacostumeemoda.it\\\/talents2022\\\/il-talento-di-imparare\\\/#breadcrumb\"},\"inLanguage\":\"it-IT\",\"potentialAction\":[{\"@type\":\"ReadAction\",\"target\":[\"https:\\\/\\\/accademiacostumeemoda.it\\\/talents2022\\\/il-talento-di-imparare\\\/\"]}]},{\"@type\":\"BreadcrumbList\",\"@id\":\"https:\\\/\\\/accademiacostumeemoda.it\\\/talents2022\\\/il-talento-di-imparare\\\/#breadcrumb\",\"itemListElement\":[{\"@type\":\"ListItem\",\"position\":1,\"name\":\"Home\",\"item\":\"https:\\\/\\\/accademiacostumeemoda.it\\\/talents2022\\\/\"},{\"@type\":\"ListItem\",\"position\":2,\"name\":\"IL TALENTO DI IMPARARE\"}]},{\"@type\":\"WebSite\",\"@id\":\"https:\\\/\\\/accademiacostumeemoda.it\\\/talents2022\\\/#website\",\"url\":\"https:\\\/\\\/accademiacostumeemoda.it\\\/talents2022\\\/\",\"name\":\"ACM - Talents 2022\",\"description\":\"Discover the amazing work of our talents\",\"potentialAction\":[{\"@type\":\"SearchAction\",\"target\":{\"@type\":\"EntryPoint\",\"urlTemplate\":\"https:\\\/\\\/accademiacostumeemoda.it\\\/talents2022\\\/?s={search_term_string}\"},\"query-input\":{\"@type\":\"PropertyValueSpecification\",\"valueRequired\":true,\"valueName\":\"search_term_string\"}}],\"inLanguage\":\"it-IT\"}]}<\/script>\n<!-- \/ Yoast SEO plugin. -->","yoast_head_json":{"title":"IL TALENTO DI IMPARARE - ACM - Talents 2022","robots":{"index":"index","follow":"follow","max-snippet":"max-snippet:-1","max-image-preview":"max-image-preview:large","max-video-preview":"max-video-preview:-1"},"canonical":"https:\/\/accademiacostumeemoda.it\/talents2022\/il-talento-di-imparare\/","og_locale":"it_IT","og_type":"article","og_title":"IL TALENTO DI IMPARARE - ACM - Talents 2022","og_description":"ENGLISH VERSION In apertura di questo Book, dedicato ai Talenti e all\u2019eccellente formazione che Accademia Costume &amp; Moda garantisce ai suoi studenti, tengo particolarmente a ricordare il mio primo incontro con la famiglia Accademia. Mi piace chiamarla cos\u00ec, non solo perch\u00e9 \u00e8 una grande, meravigliosa famiglia per tutto il suo team, studenti e partner, ma [&hellip;]","og_url":"https:\/\/accademiacostumeemoda.it\/talents2022\/il-talento-di-imparare\/","og_site_name":"ACM - Talents 2022","article_modified_time":"2022-07-07T13:29:06+00:00","og_image":[{"width":2560,"height":2560,"url":"https:\/\/accademiacostumeemoda.it\/talents2022\/wp-content\/uploads\/2022\/07\/sharing_sito-scaled.jpg","type":"image\/jpeg"}],"twitter_card":"summary_large_image","twitter_misc":{"Tempo di lettura stimato":"3 minuti"},"schema":{"@context":"https:\/\/schema.org","@graph":[{"@type":"WebPage","@id":"https:\/\/accademiacostumeemoda.it\/talents2022\/il-talento-di-imparare\/","url":"https:\/\/accademiacostumeemoda.it\/talents2022\/il-talento-di-imparare\/","name":"IL TALENTO DI IMPARARE - ACM - Talents 2022","isPartOf":{"@id":"https:\/\/accademiacostumeemoda.it\/talents2022\/#website"},"datePublished":"2022-06-17T12:29:54+00:00","dateModified":"2022-07-07T13:29:06+00:00","breadcrumb":{"@id":"https:\/\/accademiacostumeemoda.it\/talents2022\/il-talento-di-imparare\/#breadcrumb"},"inLanguage":"it-IT","potentialAction":[{"@type":"ReadAction","target":["https:\/\/accademiacostumeemoda.it\/talents2022\/il-talento-di-imparare\/"]}]},{"@type":"BreadcrumbList","@id":"https:\/\/accademiacostumeemoda.it\/talents2022\/il-talento-di-imparare\/#breadcrumb","itemListElement":[{"@type":"ListItem","position":1,"name":"Home","item":"https:\/\/accademiacostumeemoda.it\/talents2022\/"},{"@type":"ListItem","position":2,"name":"IL TALENTO DI IMPARARE"}]},{"@type":"WebSite","@id":"https:\/\/accademiacostumeemoda.it\/talents2022\/#website","url":"https:\/\/accademiacostumeemoda.it\/talents2022\/","name":"ACM - Talents 2022","description":"Discover the amazing work of our talents","potentialAction":[{"@type":"SearchAction","target":{"@type":"EntryPoint","urlTemplate":"https:\/\/accademiacostumeemoda.it\/talents2022\/?s={search_term_string}"},"query-input":{"@type":"PropertyValueSpecification","valueRequired":true,"valueName":"search_term_string"}}],"inLanguage":"it-IT"}]}},"_links":{"self":[{"href":"https:\/\/accademiacostumeemoda.it\/talents2022\/wp-json\/wp\/v2\/pages\/91","targetHints":{"allow":["GET"]}}],"collection":[{"href":"https:\/\/accademiacostumeemoda.it\/talents2022\/wp-json\/wp\/v2\/pages"}],"about":[{"href":"https:\/\/accademiacostumeemoda.it\/talents2022\/wp-json\/wp\/v2\/types\/page"}],"author":[{"embeddable":true,"href":"https:\/\/accademiacostumeemoda.it\/talents2022\/wp-json\/wp\/v2\/users\/1"}],"replies":[{"embeddable":true,"href":"https:\/\/accademiacostumeemoda.it\/talents2022\/wp-json\/wp\/v2\/comments?post=91"}],"version-history":[{"count":7,"href":"https:\/\/accademiacostumeemoda.it\/talents2022\/wp-json\/wp\/v2\/pages\/91\/revisions"}],"predecessor-version":[{"id":1395,"href":"https:\/\/accademiacostumeemoda.it\/talents2022\/wp-json\/wp\/v2\/pages\/91\/revisions\/1395"}],"wp:attachment":[{"href":"https:\/\/accademiacostumeemoda.it\/talents2022\/wp-json\/wp\/v2\/media?parent=91"}],"curies":[{"name":"wp","href":"https:\/\/api.w.org\/{rel}","templated":true}]}}

<p class="wp-block-paragraph"><a href="https://accademiacostumeemoda.it/talents2022/the-talent-of-learning/"><strong>ENGLISH VERSION</strong></a></p>



<p class="wp-block-paragraph">In apertura di questo Book, dedicato ai Talenti e all’eccellente formazione che Accademia Costume &amp; Moda garantisce ai suoi studenti, tengo particolarmente a ricordare il mio primo incontro con la famiglia Accademia. Mi piace chiamarla così, non solo perché è una grande, meravigliosa famiglia per tutto il suo team, studenti e partner, ma io stessa mi sento parte di questa famiglia dal mio primo incontro con Accademia e la sua fondatrice, Rosana Pistolese. &nbsp;</p>



<p class="wp-block-paragraph">Ho varcato le porte della suggestiva sede di Accademia a Roma per la prima volta negli anni ’70, quando ebbi il piacere di conoscere Rosana, una donna carismatica, incredibilmente capace e determinata. Sono stata da subito coinvolta nel mondo di ACM attraverso lezioni, incontri con gli studenti e collaborazioni, per poi entrare a fare parte della Giuria Talent.</p>



<p class="wp-block-paragraph">E’ sempre stato un grande regalo e un reciproco scambio confrontarmi e lavorare con giovani creativi. Sono sempre stata affascinata dal tipo di formazione che Accademia offre ai suoi studenti: lo definirei il metodo Accademia. Da qui la mia attuale percezione del talento: un talento mai fine a se stesso, ma perennemente forgiato, nutrito, accompagnato dal costante impegno, ricerca, lavoro e dall’infinita curiosità.</p>



<p class="wp-block-paragraph">Sono convinta che il talento stia nella capacità di imparare, nella modestia di riconoscere che una dote naturale ed innata non sopravvive, se non accompagnata da forte dedizione e applicazione.</p>



<p class="wp-block-paragraph">Il mio mestiere è sempre stato quello di accompagnare i creativi del processo di realizzazione delle loro collezioni, trovando le migliori soluzioni tecniche e sperimentali. La mia azienda è diventata così, negli anni, una vera e propria officina creativa, dove i designer imparavano ogni volta un metodo, un espediente diverso per arrivare insieme al risultato finale. Un percorso di continuo apprendimento e scoperta per giovani talenti.&nbsp;</p>



<p class="wp-block-paragraph">Un talento diventa tale, cresce e si evolve anche grazie al fondamentale appoggio di chi lo accompagna nel suo percorso, dal momento della formazione al luogo lavorativo. Il talento si sviluppa e accresce le sue potenzialità anche grazie all’ambiente in cui è inserito e dalle persone da cui è circondato.</p>



<p class="wp-block-paragraph">Accademia Costume &amp; Moda permette tutto questo grazie ad una magica combinazione tra passione, competenza, impegno e heritage. La visione che da sempre contraddistingue Accademia permette ai suoi Talenti di sviluppare ed incrementare le proprie capacità, all’interno di un contesto unico e stimolante.</p>



<p class="wp-block-paragraph">“Esiste un momento in cui il talento incontra l&#8217;opportunità.” &#8211; Lucio Anneo Seneca.</p>



<p class="wp-block-paragraph">L’opportunità per questi giovani talenti protagonisti di questo Book sono certa sia stata l’incontro con la famiglia Accademia, i loro tutor, il team, le aziende partner e tutti gli “incontri” speciali e un po’ magici che accadono grazie ad Accademia. Una storia di incontri, come il mio negli anni 70, che racconta di appassionati ed ambiziosi Talenti.</p>



<p class="has-text-align-right wp-block-paragraph"><strong>Deanna Ferretti Veroni</strong></p>

<p>ENGLISH VERSION In apertura di questo Book, dedicato ai Talenti e all’eccellente formazione che Accademia Costume &amp; Moda garantisce ai suoi studenti, tengo particolarmente a ricordare il mio primo incontro con la famiglia Accademia. Mi piace chiamarla così, non solo perché è una grande, meravigliosa famiglia per tutto il suo team, studenti e partner, ma [&hellip;]</p>

<!-- This site is optimized with the Yoast SEO plugin v28.3 - https://yoast.com/product/yoast-seo-wordpress/ -->
<title>IL TALENTO DI IMPARARE - ACM - Talents 2022</title>
<meta name="robots" content="index, follow, max-snippet:-1, max-image-preview:large, max-video-preview:-1" />
<link rel="canonical" href="https://accademiacostumeemoda.it/talents2022/il-talento-di-imparare/" />
<meta property="og:locale" content="it_IT" />
<meta property="og:type" content="article" />
<meta property="og:title" content="IL TALENTO DI IMPARARE - ACM - Talents 2022" />
<meta property="og:description" content="ENGLISH VERSION In apertura di questo Book, dedicato ai Talenti e all’eccellente formazione che Accademia Costume &amp; Moda garantisce ai suoi studenti, tengo particolarmente a ricordare il mio primo incontro con la famiglia Accademia. Mi piace chiamarla così, non solo perché è una grande, meravigliosa famiglia per tutto il suo team, studenti e partner, ma [&hellip;]" />
<meta property="og:url" content="https://accademiacostumeemoda.it/talents2022/il-talento-di-imparare/" />
<meta property="og:site_name" content="ACM - Talents 2022" />
<meta property="article:modified_time" content="2022-07-07T13:29:06+00:00" />
<meta property="og:image" content="https://accademiacostumeemoda.it/talents2022/wp-content/uploads/2022/07/sharing_sito-scaled.jpg" />
	<meta property="og:image:width" content="2560" />
	<meta property="og:image:height" content="2560" />
	<meta property="og:image:type" content="image/jpeg" />
<meta name="twitter:card" content="summary_large_image" />
<meta name="twitter:label1" content="Tempo di lettura stimato" />
	<meta name="twitter:data1" content="3 minuti" />
<script type="application/ld+json" class="yoast-schema-graph">{"@context":"https:\/\/schema.org","@graph":[{"@type":"WebPage","@id":"https:\/\/accademiacostumeemoda.it\/talents2022\/il-talento-di-imparare\/","url":"https:\/\/accademiacostumeemoda.it\/talents2022\/il-talento-di-imparare\/","name":"IL TALENTO DI IMPARARE - ACM - Talents 2022","isPartOf":{"@id":"https:\/\/accademiacostumeemoda.it\/talents2022\/#website"},"datePublished":"2022-06-17T12:29:54+00:00","dateModified":"2022-07-07T13:29:06+00:00","breadcrumb":{"@id":"https:\/\/accademiacostumeemoda.it\/talents2022\/il-talento-di-imparare\/#breadcrumb"},"inLanguage":"it-IT","potentialAction":[{"@type":"ReadAction","target":["https:\/\/accademiacostumeemoda.it\/talents2022\/il-talento-di-imparare\/"]}]},{"@type":"BreadcrumbList","@id":"https:\/\/accademiacostumeemoda.it\/talents2022\/il-talento-di-imparare\/#breadcrumb","itemListElement":[{"@type":"ListItem","position":1,"name":"Home","item":"https:\/\/accademiacostumeemoda.it\/talents2022\/"},{"@type":"ListItem","position":2,"name":"IL TALENTO DI IMPARARE"}]},{"@type":"WebSite","@id":"https:\/\/accademiacostumeemoda.it\/talents2022\/#website","url":"https:\/\/accademiacostumeemoda.it\/talents2022\/","name":"ACM - Talents 2022","description":"Discover the amazing work of our talents","potentialAction":[{"@type":"SearchAction","target":{"@type":"EntryPoint","urlTemplate":"https:\/\/accademiacostumeemoda.it\/talents2022\/?s={search_term_string}"},"query-input":{"@type":"PropertyValueSpecification","valueRequired":true,"valueName":"search_term_string"}}],"inLanguage":"it-IT"}]}</script>
<!-- / Yoast SEO plugin. -->

ENGLISH VERSION In apertura di questo Book, dedicato ai Talenti e all’eccellente formazione che Accademia Costume &amp; Moda garantisce ai suoi studenti, tengo particolarmente a ricordare il mio primo incontro con la famiglia Accademia. Mi piace chiamarla così, non solo perché è una grande, meravigliosa famiglia per tutto il suo team, studenti e partner, ma [&hellip;]
